-12 - (4 - 7 - 5))?
-2
Evaluate (63 - 62) + 1 + -2.
0
Calculate (-9 - (0 - 8)) + (0 - 1).
-2
3 + (-1 - (-1 + -2))
5
What is the value of -1 + 3 + -7 + (0 - -7)?
2
What is -1 + (47 + -53 - (1 + -12))?
4
What is the value of 23 + -19 - (2 + 1 - 0)?
1
-5 - (8 + 1 + -11)
-3
Evaluate -7 - 5 - -5 - -3.
-4
Calculate -3 + 0 - (-3 + -3).
3
Evaluate -1 + -5 + 0 + 11.
5
What is the value of -6 + (13 - -3 - 7)?
3
What is the value of -1 - ((2 - 5) + (9 - 4))?
-3
-2 + 1 - (-1 + 4)
-4
4 + (-4 + 0 - -5)
5
(-7 - (1 + -3)) + 1
-4
What is the value of 5 + (-4 - (-5 + 9))?
-3
Evaluate 1 + 3 + 2 + -2 + -3.
1
What is the value of 5 + -5 + (-2 - -4) + -6?
-4
What is -2 + (4 + (1 - 3) - -3)?
3
Calculate -5 - (2 + -3 - 2 - 1).
-1
-3 - (1 - 12 - (-8 + 2))
2
What is 11 + -22 - -2 - (2 - 10)?
-1
Calculate (3 - -1) + -3 - (-4 + 4).
1
Calculate 0 + (-7 + 1 - -3).
-3
What is -4 + (-2 - (-9 + 5 + -1))?
-1
Calculate 0 + -6 + (-25 - -28).
-3
What is (3 - (-9 - (-3 + -4))) + -2?
3
(6 - -3) + -9 + -6
-6
(30 - 24) + (1 - 6)
1
Evaluate 9 + (1 - (0 - 0)) + -5.
5
Evaluate 4 + -18 + 10 + 3.
-1
What is the value of 15 + (-26 - -9) + 8?
6
Evaluate -5 - (7 - 9) - -7.
4
Evaluate -2 + (0 - 0) + -1 + 6.
3
Calculate 2 + 4 + 2 - 2.
6
What is the value of (-3 - -1 - 0) + (-1 - -2)?
-1
What is the value of -10 - -13 - (-1 - (0 - -1))?
5
What is the value of -15 + (14 - -8) - -1?
8
Evaluate 5 + -3 + 3 + -6.
-1
Calculate (0 - 2 - -5) + -5.
-2
What is the value of -11 + -2 - (1 - 9)?
-5
What is the value of -3 + -1 + 1 + -1 - 1?
-5
What is the value of -66 + 69 + (-2 - (2 + -6))?
5
What is the value of -15 + 2 + 7 + -3?
-9
What is the value of (-1 - -13 - 4 - 5) + 3?
6
Evaluate 4 + (1 - (1 - -2)).
2
Evaluate (3 - (7 + 10)) + (9 - 4).
-9
What is the value of -1 - (1 - 5 - (-17 + 17))?
3
What is the value of 8 - (7 + -14 + 6)?
9
5 + -7 - -1 - (-4 - -2)
1
Calculate -3 - (-6 - (-2 - (-1 + 0))).
2
What is the value of 5 - (4 - 1) - 3?
-1
Evaluate -2 + (-1 + -6 - -12).
3
15 + -6 + -3 + -13
-7
Evaluate -17 + (9 - 4) + 7.
-5
-24 + (10 - -17) - (-1 - 4)
8
-1 - (-6 + 6 + -9 - -4)
4
Calculate 1 - (8 + (-8 - -2)).
-1
What is -7 + (3 - (6 - 14))?
4
-5 + -4 + 0 + (18 - 16)
-7
What is -6 - (-2 - 4) - (1 - 0)?
-1
19 + -16 - (1 + 2)
0
Calculate 9 + -8 + (0 - 3).
-2
Calculate -3 + -2 + -2 + -11 + 10.
-8
What is the value of -6 - (63 + -56 + (-7 - 0))?
-6
Evaluate (-2 - 2 - 0) + (41 - 41).
-4
What is 0 + 7 + -5 - 5 - -4?
1
Evaluate (18 - 26) + (1 - -6).
-1
What is (5 - (-3 + 12 + -4)) + -1?
-1
What is (57 - 66) + 0 + 4?
-5
Calculate 5 - (-6 - 2 - -17).
-4
What is (4 - -1) + (-12 + 5 - -4)?
2
What is -7 - (1 - 3 - 3) - 0?
-2
-9 + 14 + (12 - 23)
-6
Calculate (0 - (5 + 1)) + 0.
-6
0 + -2 + -5 + 6 + 0
-1
What is 1 + 1 + 2 + (-18 - -13)?
-1
Evaluate 16 + -4 - (11 + 3).
-2
0 - (-5 - (-1 - 1))
3
Evaluate -14 + (15 - (-9 - -19)).
-9
1 + (-4 - 3) + 3
-3
Calculate -6 - (6 + -16 + 4) - 6.
-6
Evaluate 47 + -42 - (-1 - -11).
-5
What is 15 + -13 - (0 + 0 + -3)?
5
What is (-3 - -2) + (-22 - -18)?
-5
Calculate 2 + (3 - 6) + 3.
2
What is the value of (-2 - (4 - 3)) + -3 + 6?
0
7 - (0 + 0 + 11)
-4
-6 + (-5 - -5) - (0 + -1)
-5
Calculate -2 - -6 - (7 + -6 - -3).
0
Evaluate -12 - (-1 + (0 - 6)).
-5
Calculate (9 - 13) + 4 - -3.
3
What is 17 + -23 + (-2 + 15 - 1)?
6
Evaluate 2 - (6 + -3 + -4 + -2).
5
Evaluate -3 + (2 - -4 - -1).
4
Calculate 62 - 54 - (1 + 1).
6
Evaluate -1 - -1 - (-1 + (3 - -2)).
-4
What is the value of 4 + 8 + -3 + -4 + -4?
1
Calculate (-20 - -18 - (-1 + 0)) + -4.
-5
What is the value of -1 + 15 - (-3 - -7 - -2)?
8
-2 + 2 + 3 + 1
4
What is the value of (1 - -7) + 2 + -4?
6
1 - -7 - (-1 + 3)
6
4 + (7 + -3 + -5 - -1)
4
What is the value of 4 + (-2 - 2) + -1 + 5?
4
What is the value of -1 + 2 - (-80 + 80)?
1
-8 + -3 + 10 - 6 - 1
-8
(-2 + -5 - -4) + 4
1
What is (2 - -5) + -15 + 11?
3
Evaluate -6 + 7 + (-3 - 0).
-2
-38 - -40 - (-2 + 1 + 4)
-1
What is the value of -8 + (0 - (-8 - -3))?
-3
What is the value of 5 + (-1 - (7 + -3)) + 5?
5
Evaluate -1 + 1 + -1 - (-8 - -3).
4
Calculate -4 - -3 - (-3 - (-2 + 1)).
1
2 + 0 + -3 + -4
-5
Evaluate -13 + 6 + 4 + -1 + 3.
-1
4 + -1 + (3 - -3) - 7
2
Calculate 4 + -1 + 2 + -3.
2
-1 + 1 + -9 + 6 + 3
0
Calculate -3 + 0 - (4 - (-1 + 13)).
5
(-4 - 10) + (-2 - -10)
-6
Calculate -2 - -8 - 6 - -4.
4
Evaluate 4 + -2 + 2 + -2 + -4.
-2
What is the value of 2 + -1 + (1 - 3) - -3?
2
42 + -42 - (-4 + -1)
5
What is -4 - (3 + -1 + 1 + -7)?
0
Calculate 6 - (0 + 11 + (1 - 0)).
-6
1 + 2 - -3 - -2 - 3
5
What is the value of (-2 - -3) + -2 + -3 + 3?
-1
Calculate -11 - ((-8 - -5) + -12).
4
What is -6 + 4 + (8 - 5)?
1
What is the value of -17 + -9 + 14 + 0 + 2?
-10
Evaluate (8 + 12 + -8 - 5) + -10.
-3
(-3 - -2) + (1 - 1)
-1
Calculate -6 + (-2 + -5 - -4) + 4.
-5
Calculate -26 - -28 - (-1 + -5) - 3.
5
What is the value of 50 + -46 - (-1 - 0)?
5
What is 7 + (2 - 1) + -7?
1
What is -12 - (-2 - (4 - 3) - 0)?
-9
What is -4 - ((-2 - -7) + -2 - 5)?
-2
What is the value of (3 - (-2 + 9)) + 7?
3
-7 - (2 + 0 + -3 + 0)
-6
What is 1 - (14 + -4 - 7)?
-2
Evaluate -2 + 7 + -1 - (4 - 0).
0
Evaluate (-1 - -1) + (-11 - -5 - -5).
-1
Calculate 4 - 2 - (-5 + (12 - 10)).
5
What is the value of (56 - 53) + (-4 - -1 - 1)?
-1
What is the value of -2 - -7 - -1 - (-5 + 15)?
-4
Calculate (0 - (-1 - -6)) + -27 + 36.
4
What is -3 - ((4 - 8) + 1 - -1)?
-1
Calculate (-5 - (-5 + 3)) + 8.
5
-3 + ((-1 - -3) + -3 - -9)
5
Calculate 3 + -7 + 2 + 6 + 1.
5
Calculate 260 - 259 - ((0 - -5) + 0).
-4
Calculate -3 + 9 + -8 + -4.
-6
(-1 - 0) + -1 + -8 + 11
1
What is the value of (-6 + 1 - -2) + 3?
0
What is the value of -4 + (-3 - -10) - (-1 - -1)?
3
What is the value of 1 + -11 + 7 + 0 + 2?
-1
What is (2 - -1 - (20 - 13)) + 1?
-3
What is the value of 4 - ((7 - 12) + 4)?
5
What is the value of -6 - (-1 + -4 - (-4 - -2))?
-3
-2 - (4 - 0 - 5)
-1
Evaluate 0 + (-5 - (-3 + -1 - -4)).
-5
What is the value of -13 + 13 + -1 + -2?
-3
What is the value of (-2 + 0 - (-14 + 12)) + 2?
2
What is the value of (3 - (1 - 1)) + -4?
-1
Calculate 11 + -22 - (-11 - -2).
-2
What is -3 - -1 - 2 - -8?
4
What is 4 + -2 - (-82 + 75)?
9
(-5 - -6) + 1 + -3
-1
-8 - (-3 - 1) - -4
0
23 + -11 + -8 + -8
-4
Calculate -12 + (-3 - -9) - -7.
1
3 + (-5 - -1) + -2
-3
Evaluate (-14 - -9) + 0 + 14.
9
Calculate 1 + (-3 - (0 - 5)) + -6.
-3
What is -9 - -12 - (-1 + 3)?
1
Calculate -3 - (2 + -1 - (10 + -1)).
5
What is 13 - 15 - (1 + (2 - 6))?
1
7 - (0 + -3 + 5 + 2)
3
(3 + -1 - 3) + 10 + -9
0
What is -93 - -87 - (1 + (2 - 0))?
-9
(-9 - 1) + 17 + -10
-3
Calculate -12 + 11 - ((1 - 3) + -2).
3
What is (-3 + 1 - 1) + 3?
0
What is the value of 2 + -9 - (-7 + 2 + 2)?
-4
What is the value of 17 + -29 + 1 + 6 + -3?
-8
What is the value of (0 - 7 - 0) + -34 + 36?
-5
What is the value of -6 - (5 + -2 + -3)?
-6
Evaluate -9 + (3 - 0) + 2 + -2.
-6
What is the value of -3 + (3 - (-6 + 3)) + -6?
-3
Calculate -3 + -3 + 3 + 2.
-1
What is 9 + -1 + -28 + 25?
5
-7 + (5 - (-3 + 4))
-3
What is the value of -4 + 6 + -9 - -7?
0
What is 2 - (1 - 1 - -2)?
0
6 + 2 + -8 + 9
9
(-4 + 2 + -3 - -1) + 4
0
Evaluate 0 + (7 + -4 - -7) + -2.
8
Evaluate 10 - 9 - -6 - 3.
4
(19 - 25) + 3 + 4
1
What is (-1 - 1 - (1 + -9)) + -2?
4
Calculate -12 + 33 - 11 - 1.
9
What is 1 - (-16 - -10) - (0 - -2)?
5
-4 - (13 - 10) - -9
2
What is the value of 3 - -1 - (-2 + 8)?
-2
-1 + 0 + (-3 + -1 - -4)
-1
What is the value of -4 + (0 - -5 - 1)?
0
-5 + 6 - 5 - (-4 - -1)
-1
What is the value of 13 + 4 + -4 + -5 + -13?
-5
-13 + (10 - -4) - 3
-2
What is 5 - (-2 - -3 - (-4 - -2))?
2
Calculate -5 + (7 - -5) + -5 - -2.
4
Calculate (-10 - -19) + -13 + 12.
8
What is (1 - 2) + -4 + 5?
0
Calculate -5 + (3 - (5 - 10)).
3
What is 8 + -12 + (4 - -4)?
4
(5 - 1) + 2 + -2 + -8
-4
0 - (4 + (4 - (-1 + 5)))
-4
What is 0 + -1 + (-7 - -12)?
4
What is the value of 0 + -3 + 5 + -7 + 3?
-2
What is -1 + 1 - -6 - (-5 + 10)?
1
What is the value of -1 - 2 - (-4 - (4 - 9))?
-4
What is 5 + (0 - 7) + 7 + -1?
4
What is the value of 1 + 3 - 3 - (4 - 1)?
-2
10 - (8 - (-8 + 11))
5
What is 3 + (-2 - -10) - 7?
4
What is the value of (-2 - (2 + -2)) + 4 + -1?
1
(-3 + -4 + 8 - 0) + -4
-3
Evaluate -3 - (-18 + 9 + -4 - -5).
5
Evaluate -31 + 26 - (1 + -2).
-4
Calculate -6 + 3 - 1 - 1.
-5
(1 + 1 - 3) + 3
2
What is the value of 8 + 0 + -6 + (-1 - 4)?
-3
Evaluate 1 - (5 + (-8 - 1) + 4).
1
Calculate -1